nd 1104?
368
Let g = 1517 + -1211. Calculate the highest common divisor of g and 342.
18
Suppose -9*z = -5*z - 8300. Calculate the greatest common factor of 25 and z.
25
Let v = 1936 - 1879. Let g(u) = -34*u - 10. Let n be g(-7). Calculate the highest common divisor of n and v.
57
Let v(t) = t**3 - 2*t**2 - 13*t + 16. Let c = 95 + -90. Let m be v(c). What is the greatest common factor of m and 65?
13
Let z = 3 - -4. Let q = 736 + -734. Suppose -243 + 247 = q*j. What is the greatest common factor of z and j?
1
Suppose 2*q - 477 - 218 = w, 370 = q - 5*w. Let b = 89532 - 89509. Calculate the greatest common divisor of b and q.
23
Suppose -5*q - 3*z = -104 - 24, -105 = -4*q - 5*z. Let k be ((-788)/6 + -2)/((-13)/39). What is the greatest common factor of q and k?
25
Suppose 0 = -t + 18 + 132. Let c be 350/7*(2/12)/(132/792). Calculate the highest common divisor of t and c.
50
Suppose -34*n + 64*i - 62*i = -119836, -n - 3*i = -3546. What is the greatest common factor of n and 135?
15
Let v = 162 + -157. Let z be 2*(v - (-54)/(-12)). Calculate the highest common factor of 49 and z.
1
Suppose 13 + 11 = -4*q, g + 3*q - 2 = 0. What is the greatest common divisor of 5070 and g?
10
Let m be (-2)/4*990/(-44)*1376/40. What is the greatest common factor of 261 and m?
9
Let w(j) = -j**3 - 3*j**2 + 4*j - 15. Suppose 5*z = 4*z - 5. Let o be w(z). Let v be 2408/32 - 1/4. Calculate the greatest common divisor of v and o.
15
Suppose -3*m + 56 = m. Let v be ((26/5)/(-13))/((-2)/(-5)). Let x be 33/1 + 10/(v + -1). What is the highest common factor of m and x?
14
Let k(q) = 73*q + 700. Let a be k(-9). What is the highest common divisor of 23951 and a?
43
Suppose -4*i = -8 - 12. Let v(h) = -h + 8. Let c be v(i). Let n be -1 - (2 + -3)*c. What is the highest common divisor of n and 14?
2
Suppose -8*y - 202 = -242. Suppose y*i + 48 = -5*n + 213, -3*n = -4*i + 97. Let t be (8/(-5))/(2/(-315)). Calculate the highest common factor of t and i.
28
Let r be (108/8 - 0)*11/33*222. What is the greatest common factor of r and 189?
27
Suppose 93 = 12*x - 1299. Suppose 5*a = -n - 15 - 302, 4*n + x = -2*a. Let k = a - -69. Calculate the highest common factor of 65 and k.
5
Let u be (-12)/32 + 219765/312. Let m = 235 + -171. What is the highest common divisor of m and u?
64
Suppose 7*m = -17*m + 48. Suppose 2*x + 3*q - 2 = 0, m*q - 26 = -5*x + 1. Calculate the highest common divisor of 7 and x.
7
Let j(u) = 14*u**3 + 282*u**2 + 3*u - 600. Let n be j(-20). Let c be 1 + (-2)/1 + 101. Calculate the highest common divisor of n and c.
20
Let i(q) = q + 11. Let z be i(-7). Suppose 5*s - 210 = -z*d, 6*s + d - 179 = 2*s. Let c = 79 - s. What is the greatest common divisor of c and 44?
11
Suppose -55*n + 63*n - 2731 = 29805. Calculate the highest common divisor of 83 and n.
83
Let l be 228 - (22 - -8)/2. Let p(v) = -v**3 - 8*v**2 + 7*v - 2. Let i be p(-11). What is the highest common divisor of i and l?
71
Suppose 400 = -3*r + 4*d, 2*d - 3*d - 546 = 4*r. Let h = -84 - r. Suppose n + h = 2*n. What is the greatest common divisor of 78 and n?
26
Suppose -k - 4*y + 101 = 4*k, 3 = -3*y. Suppose -k = -m + 87. Suppose 4*j - m = -t, -t + 5*t = -j + 42. What is the greatest common divisor of j and 208?
26
Suppose -11*n - 23*n - 2242 + 22234 = 0. Let o(b) = -15*b - 6. Let z be o(-6). Calculate the greatest common factor of z and n.
84
Let h be 260/(-104)*(-3024)/30. What is the highest common factor of 24 and h?
12
Suppose -2*l + 4*c - 6 = 0, -2*l + 21 = 3*c + 13. Calculate the highest common divisor of 421 and l.
1
Let w be 0 + 1043 - ((-2)/(-38) + (-453)/(-57)). Calculate the highest common factor of 23 and w.
23
Let l(f) = 7*f**2 - 14*f - 4. Let j(x) = -8*x**2 + 17*x + 4. Let y(g) = -5*j(g) - 4*l(g). Let r be y(4). Calculate the highest common divisor of 16 and r.
8
Let k(r) = -r**2 - 3*r + 7. Let w be k(-4). Suppose j - w*j - 2*n = -26, 0 = -3*j - n + 45. Calculate the highest common divisor of 512 and j.
16
Suppose 0 = -4*u + 8, 5*u = -3*y + 2*u + 1581. Let z be y/147 - (-12)/(-21). What is the highest common divisor of z and 9?
3
Suppose -59 = -3*c - 23. Suppose -c*w + 7*w = -50. Suppose -2*q = 43 - 183. Calculate the highest common divisor of q and w.
10
Let z = -189 - -222. Let s = z + -31. Calculate the highest common divisor of 9 and s.
1
Let o be (1 - -2)/3 - -56. Let y(h) = -2*h**3 + 2*h**2 + 9*h + 57. Let q be y(0). Calculate the greatest common divisor of q and o.
57
Let o(n) = 184*n + 1. Let r be o(1). Let h be (6/(-1)*((-693)/(-27) - 1))/(-2). What is the highest common divisor of h and r?
37
Let s = -78 - -78. Suppose 2*u - 326 = -5*f + 3*u, s = -5*f + 4*u + 314. Calculate the highest common factor of 165 and f.
33
Let k(w) = -w**2 - 145*w - 4729. Let t be k(-52). What is the highest common divisor of 2354 and t?
107
Let p(f) be the second derivative of 11*f**3/2 + 97*f**2/2 - 81*f. Let d be p(11). Calculate the highest common divisor of 20 and d.
20
Let l be (-72)/20*(-20)/8. Let i be 36/l*(2 - 240/(-3)). What is the greatest common factor of 8 and i?
8
Let f(u) = u - 3. Let d be f(6). Suppose -d*l + 56 = l. Let y = 16740 + -16733. Calculate the highest common divisor of l and y.
7
Let g(l) = -l**3 + 5*l**2 + 2*l - 6. Let a be g(4). Suppose -4*j + 343 + 3209 = 0. Let u = j + -744. Calculate the greatest common divisor of u and a.
18
Suppose 0*l + 11*l = 5*l. Let j(g) = -g**3 + 2*g**2 + g + 207. Let t be j(l). What is the highest common factor of t and 23?
23
Let h(m) = -m**2 + 87*m - 548. Let c be h(7). What is the highest common factor of 8880 and c?
12
Let h(k) be the first derivative of -k**4/4 - 5*k**3 - 29*k**2/2 - 25*k - 42. Let b be h(-13). What is the greatest common divisor of 56 and b?
14
Suppose -2*h - 3*n + 625 = 0, -5*h - 21*n + 24*n + 1531 = 0. Let p be ((-35)/(-126) + (-2)/(-9))*112. Calculate the highest common divisor of h and p.
28
Let k = 225 - 156. Let b = k - 63. Suppose -i + 161 = b*i. Calculate the highest common factor of i and 115.
23
Suppose 37 - 5 = 4*x - 2*o, 3*x = 4*o + 19. Suppose 5*q - 5*u = x + 21, 2*u = 5*q - 18. Let n = q - -78. What is the greatest common divisor of 32 and n?
16
Let k(z) = z**3 + 8*z**2 + 11*z - 4. Let q be k(-6). Suppose -320 = -q*d - 0*d. Suppose -12*s + 240 = -6*s. Calculate the greatest common factor of s and d.
40
Let j(z) = 3*z**2 + 43*z - 822. Let c be j(17). What is the highest common factor of c and 1261?
97
Suppose -m - 5*f = -0*f - 288, 3*m - 904 = -5*f. Suppose -m*u + 312*u = 2916. Calculate the greatest common factor of 9 and u.
9
Let n = 25 + 63. Let r(b) = b**3 - 21*b**2 - 29*b + 58. Let f be r(22). Let k = 104 + f. What is the highest common factor of n and k?
8
Suppose 3*m - 4 = -2*w + 34, 4*w = m - 8. Let f be (-1)/4 + (-63)/4. Let j be 4/f + 183/m. Calculate the highest common factor of j and 105.
15
Suppose 5*z + 473*k = 474*k + 10466, -5*k - 6284 = -3*z. What is the greatest common divisor of z and 273?
91
Suppose y = 5*u + 55 + 211, 0 = -5*u + 30. Calculate the greatest common factor of y and 444.
148
Let m = -1352 - -6487. What is the highest common factor of m and 65?
65
Suppose -v + 5*m + 78 = -388, -2*v = -m - 905. Calculate the greatest common factor of 123 and v.
41
Suppose 4*j - 120 = -3*r, -r = 3*j - 18 - 27. Suppose -z - 289*k + 1552 = -293*k, 3*k + 3 = 0. Calculate the greatest common factor of r and z.
36
Let m be -3 + 2 + 0 + 1. Let t(u) = m + u + 1 + 0 + 0*u. Let o be t(5). What is the greatest common divisor of 42 and o?
6
Suppose -2*y = -4*f + 90 - 448, -3*y - 167 = 2*f. Let d = 99 + f. What is the greatest common factor of d and 11?
11
Let g(z) = -1163*z**3 + 12*z**2 - 7*z - 5. Let u be g(1). Let m = -1143 - u. Suppose -3*x = -4*x + 2. What is the greatest common divisor of m and x?
2
Let f(t) = 75*t - 3. Suppose -4*k = -7*k - 3. Let q be f(k). Let l be (23 + -1)/((-52)/q). Calculate the greatest common divisor of l and 3.
3
Let i = 6909 + -5844. Calculate the greatest common divisor of i and 240.
15
Let i be ((-58)/6)/(5/75). Let c be 9/(53/i + (-12)/(-30)). Calculate the highest common divisor of c and 29.
29
Let v be (-1232)/(-4) + -4 + -3. Suppose -145 = 2*a - v. What is the greatest common factor of a and 12?
6
Suppose 12*l + 148 = 2428. Suppose -l = -5*k + 170. Calculate the highest 